he greatest common divisor of 732684 and 336?
12
What is the highest common divisor of 2143079701 and 259?
259
Calculate the greatest common divisor of 42331680 and 2160.
2160
What is the highest common factor of 105 and 906984960?
105
Calculate the greatest common factor of 7546 and 7677439.
77
Calculate the greatest common factor of 66 and 51650709.
33
Calculate the greatest common divisor of 150 and 885795.
15
Calculate the greatest common factor of 1608 and 642798.
402
What is the highest common divisor of 326709 and 586671?
3513
Calculate the greatest common factor of 450 and 17804950.
50
Calculate the highest common factor of 6167542 and 1058.
46
Calculate the greatest common divisor of 240015 and 15.
15
Calculate the greatest common divisor of 141920150 and 2685.
895
What is the highest common factor of 1005962 and 3322?
302
What is the highest common divisor of 5085234 and 4074?
42
What is the highest common divisor of 2038331 and 11147?
157
Calculate the greatest common divisor of 1078 and 12480886.
22
What is the greatest common divisor of 1576 and 41152?
8
Calculate the greatest common factor of 616624 and 307088.
272
What is the greatest common factor of 676 and 108894968?
52
Calculate the greatest common divisor of 607656 and 11256.
168
What is the highest common factor of 44 and 1260571037?
11
Calculate the highest common divisor of 208568 and 5232.
8
Calculate the highest common factor of 96311 and 325375.
2603
Calculate the highest common factor of 154280 and 221270.
2030
Calculate the highest common factor of 17221406 and 34046.
1174
What is the greatest common factor of 120 and 12633240?
120
Calculate the highest common divisor of 63735 and 11403.
21
Calculate the greatest common factor of 10720 and 915086.
134
What is the greatest common factor of 2240595 and 261?
9
What is the highest common factor of 48519880 and 120?
40
Calculate the highest common divisor of 185304528 and 192.
48
Calculate the highest common factor of 6 and 46610266.
2
Calculate the highest common factor of 3144341415 and 15.
15
Calculate the greatest common factor of 2400643611 and 747.
747
What is the highest common divisor of 265914 and 138762?
18
What is the greatest common divisor of 210 and 30107196?
42
Calculate the greatest common divisor of 45 and 70776585.
45
What is the highest common divisor of 644 and 12638822?
322
Calculate the highest common factor of 765 and 10433376.
153
What is the highest common factor of 37932867 and 63?
63
What is the greatest common divisor of 1372 and 3746834?
98
Calculate the greatest common divisor of 2059552 and 96.
32
What is the greatest common divisor of 10536 and 467507343?
1317
What is the greatest common factor of 79936764 and 35352?
5892
What is the greatest common factor of 1408 and 139952?
16
What is the greatest common divisor of 21395037 and 5589?
69
What is the highest common divisor of 218927 and 533922?
73
Calculate the highest common divisor of 38608 and 216154.
254
Calculate the highest common divisor of 12710 and 57264905.
6355
Calculate the greatest common divisor of 73661 and 78047.
17
Calculate the greatest common factor of 55916638 and 374.
34
Calculate the greatest common divisor of 362738614 and 1596.
266
What is the greatest common factor of 18 and 326248497?
9
What is the greatest common factor of 21 and 46870369?
7
Calculate the greatest common divisor of 116 and 924578.
58
Calculate the greatest common factor of 858 and 3410814.
66
What is the greatest common factor of 2409738 and 82846?
3602
What is the highest common factor of 38246318 and 31130?
6226
Calculate the greatest common divisor of 1952986 and 93934.
1402
Calculate the highest common divisor of 47501549 and 354.
59
Calculate the greatest common factor of 21785894 and 13.
13
What is the greatest common divisor of 17072 and 30430064?
1552
What is the highest common factor of 73979888 and 868?
124
Calculate the highest common divisor of 628540 and 1320.
220
What is the highest common factor of 513 and 8557809?
57
What is the highest common divisor of 5420438 and 4149?
461
What is the highest common factor of 115572732 and 88?
44
Calculate the greatest common factor of 612 and 3126368.
68
What is the greatest common factor of 22711062 and 39996?
6666
What is the highest common factor of 2904 and 5798199?
363
Calculate the highest common factor of 81928 and 23256.
152
Calculate the greatest common factor of 267586979 and 473.
473
What is the greatest common factor of 6188910 and 28?
14
Calculate the highest common factor of 24860 and 2166662.
226
What is the greatest common divisor of 558 and 235835786?
62
What is the highest common factor of 551517472 and 132?
44
Calculate the greatest common divisor of 175 and 281106625.
25
Calculate the highest common divisor of 41666 and 95782.
166
What is the highest common factor of 31409985 and 8175?
1635
Calculate the highest common factor of 15769 and 2900283.
1213
Calculate the highest common factor of 33012 and 4558014.
2358
Calculate the greatest common divisor of 129142083 and 21.
21
Calculate the highest common divisor of 1440 and 134745840.
720
Calculate the greatest common factor of 1582 and 5050874.
226
What is the highest common factor of 348 and 8429343?
87
Calculate the highest common divisor of 3 and 57050284.
1
Calculate the greatest common divisor of 239529575 and 75.
25
Calculate the greatest common factor of 20 and 555542810.
10
Calculate the greatest common divisor of 4427632 and 15488.
1936
What is the greatest common factor of 530 and 1505142760?
530
What is the highest common factor of 238 and 3653402?
34
What is the greatest common factor of 27 and 936531?
9
Calculate the greatest common factor of 9540 and 22818249.
477
Calculate the greatest common divisor of 12 and 2956907.
1
What is the highest common factor of 52277 and 177399?
857
What is the greatest common factor of 16243347 and 7125?
57
What is the highest common factor of 94430 and 7778050?
4970
Calculate the highest common divisor of 878682 and 4578.
42
What is the highest common divisor of 1648 and 71616?
16
Calculate the highest common divisor of 112259 and 46373.
79
What is the greatest common divisor of 768137 and 2314585?
5087
What is the greatest common divisor of 418 and 5475382?
418
Calculate the highest common divisor of 121647 and 611761.
1763
What is the highest common factor of 3986876244 and 204?
204
What is the highest common divisor of 737 and 2791153?
67
Calculate the greatest common factor of 84752 and 47312.
16
Calculate the highest common divisor of 9633 and 4704115.
3211
What is the greatest common divisor of 35352 and 38493909?
4419
What is the greatest common divisor of 320 and 2717820?
20
Calculate the greatest common factor of 56 and 77396879.
7
What is the highest common divisor of 61190 and 137460?
290
What is the greatest common factor of 1157895 and 5085?
45
What is the highest common divisor of 5358 and 71017611?
2679
Calculate the highest common factor of 1696149 and 401310.
819
Calculate the greatest common divisor of 3540 and 6527760.
3540
What is the highest common divisor of 18400 and 35481280?
160
Calculate the greatest common divisor of 1052295 and 77841.
2883
Calculate the greatest common divisor of 1351 and 56700119.
1351
What is the highest common factor of 1837200 and 2850?
150
What is the greatest common divisor of 10770746 and 28?
14
What is the greatest common factor of 3708 and 2775978?
18
Calculate the greatest common divisor of 6781224 and 408.
24
Calculate the greatest common divisor of 196 and 7128212.
28
What is the highest common factor of 5611410 and 18?
18
What is the greatest common factor of 283500 and 16335375?
2625
Calculate the highest common divisor of 653 and 8240207.
653
Calculate the highest common divisor of 15778992 and 7320.
1464
Calculate the greatest common factor of 1214904 and 17025.
681
Calculate the greatest common divisor of 5 and 183368500.
5
What is the greatest common factor of 816 and 329136?
48
Calculate the greatest common factor of 123705 and 40950.
45
Calculate the greatest common factor of 343057 and 17732.
143
Calculate the highest common divisor of 68831754 and 12.
6
What is the highest common divisor of 5060 and 9280647